713.
3, 59, 569
What are the prime factors of 107660?
2, 5, 7, 769
List the prime factors of 30014.
2, 43, 349
What are the prime factors of 8866?
2, 11, 13, 31
What are the prime factors of 13167?
3, 7, 11, 19
List the prime factors of 939.
3, 313
What are the prime factors of 19107?
3, 11, 193
What are the prime factors of 41895?
3, 5, 7, 19
What are the prime factors of 252?
2, 3, 7
List the prime factors of 11072.
2, 173
What are the prime factors of 2475?
3, 5, 11
What are the prime factors of 1450?
2, 5, 29
List the prime factors of 11022.
2, 3, 11, 167
List the prime factors of 1057.
7, 151
What are the prime factors of 108383?
11, 59, 167
What are the prime factors of 36549?
3, 31, 131
What are the prime factors of 28479?
3, 11, 863
List the prime factors of 1455.
3, 5, 97
What are the prime factors of 41564?
2, 10391
What are the prime factors of 1605?
3, 5, 107
What are the prime factors of 37030?
2, 5, 7, 23
List the prime factors of 4043.
13, 311
What are the prime factors of 400?
2, 5
List the prime factors of 13947.
3, 4649
List the prime factors of 618.
2, 3, 103
What are the prime factors of 494?
2, 13, 19
What are the prime factors of 3535?
5, 7, 101
What are the prime factors of 7418?
2, 3709
List the prime factors of 875.
5, 7
What are the prime factors of 116904?
2, 3, 4871
List the prime factors of 46696.
2, 13, 449
What are the prime factors of 5740?
2, 5, 7, 41
List the prime factors of 20652.
2, 3, 1721
List the prime factors of 1578.
2, 3, 263
List the prime factors of 8600.
2, 5, 43
What are the prime factors of 620?
2, 5, 31
List the prime factors of 39395.
5, 7879
What are the prime factors of 9591?
3, 23, 139
List the prime factors of 3690.
2, 3, 5, 41
What are the prime factors of 2506?
2, 7, 179
What are the prime factors of 2206?
2, 1103
List the prime factors of 11871.
3, 1319
List the prime factors of 86132.
2, 61, 353
What are the prime factors of 12066?
2, 3, 2011
What are the prime factors of 4414?
2, 2207
List the prime factors of 1966.
2, 983
What are the prime factors of 165?
3, 5, 11
What are the prime factors of 406?
2, 7, 29
What are the prime factors of 3941?
7, 563
List the prime factors of 708.
2, 3, 59
What are the prime factors of 46653?
3, 15551
What are the prime factors of 9066?
2, 3, 1511
What are the prime factors of 1346?
2, 673
What are the prime factors of 2150?
2, 5, 43
List the prime factors of 1332.
2, 3, 37
List the prime factors of 39373.
39373
List the prime factors of 50884.
2, 12721
What are the prime factors of 1365?
3, 5, 7, 13
What are the prime factors of 118531?
7, 41, 59
List the prime factors of 1498.
2, 7, 107
What are the prime factors of 230?
2, 5, 23
List the prime factors of 77669.
101, 769
What are the prime factors of 17587?
43, 409
What are the prime factors of 55122?
2, 3, 9187
What are the prime factors of 5344?
2, 167
What are the prime factors of 4113?
3, 457
What are the prime factors of 13747?
59, 233
What are the prime factors of 4558?
2, 43, 53
List the prime factors of 52150.
2, 5, 7, 149
List the prime factors of 6175.
5, 13, 19
List the prime factors of 3281.
17, 193
List the prime factors of 107727.
3, 149, 241
List the prime factors of 32285.
5, 11, 587
What are the prime factors of 25332?
2, 3, 2111
What are the prime factors of 20471?
11, 1861
What are the prime factors of 13959?
3, 11, 47
What are the prime factors of 3470?
2, 5, 347
What are the prime factors of 752?
2, 47
List the prime factors of 4108.
2, 13, 79
What are the prime factors of 178217?
13, 13709
List the prime factors of 1501.
19, 79
List the prime factors of 130584.
2, 3, 5441
What are the prime factors of 1103?
1103
What are the prime factors of 5034?
2, 3, 839
What are the prime factors of 10317?
3, 19, 181
What are the prime factors of 32825?
5, 13, 101
List the prime factors of 39677.
11, 3607
List the prime factors of 1067.
11, 97
What are the prime factors of 1242?
2, 3, 23
List the prime factors of 611.
13, 47
List the prime factors of 55866.
2, 3, 9311
List the prime factors of 38214.
2, 3, 11, 193
List the prime factors of 308.
2, 7, 11
List the prime factors of 2674.
2, 7, 191
List the prime factors of 68539.
68539
What are the prime factors of 519?
3, 173
List the prime factors of 18210.
2, 3, 5, 607
What are the prime factors of 2942?
2, 1471
List the prime factors of 197.
197
List the prime factors of 16187.
16187
What are the prime factors of 24579?
3, 2731
List the prime factors of 16800.
2, 3, 5, 7
What are the prime factors of 477?
3, 53
List the prime factors of 129547.
11, 11777
What are the prime factors of 124504?
2, 79, 197
What are the prime factors of 8391?
3, 2797
What are the prime factors of 19173?
3, 7, 11, 83
What are the prime factors of 51450?
2, 3, 5, 7
List the prime factors of 55.
5, 11
What are the prime factors of 40690?
2, 5, 13, 313
What are the prime factors of 1328?
2, 83
What are the prime factors of 287?
7, 41
List the prime factors of 143213.
7, 41, 499
List the prime factors of 59144.
2, 7393
List the prime factors of 419.
419
What are the prime factors of 4037?
11, 367
List the prime factors of 107803.
67, 1609
What are the prime factors of 10519?
67, 157
What are the prime factors of 66138?
2, 3, 73, 151
List the prime factors of 29924.
2, 7481
List the prime factors of 10644.
2, 3, 887
What are the prime factors of 1370?
2, 5, 137
List the prime factors of 329.
7, 47
What are the prime factors of 10912?
2, 11, 31
What are the prime factors of 1620?
2, 3, 5
List the prime factors of 2753.
2753
What are the prime factors of 48584?
2, 6073
What are the prime factors of 713?
23, 31
What are the prime factors of 98?
2, 7
List the prime factors of 595.
5, 7, 17
What are the prime factors of 10877?
73, 149
What are the prime factors of 326?
2, 163
What are the prime factors of 461?
461
List the prime factors of 83058.
2, 3, 109, 127
What are the prime factors of 11390?
2, 5, 17, 67
List the prime factors of 153147.
3, 71, 719
List the prime factors of 28821.
3, 13, 739
List the prime factors of 21466.
2, 10733
List the prime factors of 1136.
2, 71
List the prime factors of 25650.
2, 3, 5, 19
What are the prime factors of 5269?
11, 479
What are the prime factors of 3462?
2, 3, 577
What are the prime factors of 3288?
2, 3, 137
What are the prime factors of 1988?
2, 7, 71
List the prime factors of 23447.
23447
What are the prime factors of 48235?
5, 11, 877
List the prime factors of 162334.
2, 23, 3529
List the prime factors of 434.
2, 7, 31
List the prime factors of 24608.
2, 769
What are the prime factors of 6224?
2, 389
What are the prime factors of 1088?
2, 17
List the prime factors of 2076.
2, 3, 173
What are the prime factors of 4663?
4663
List the prime factors of 2631.
3, 877
List the prime factors of 1096.
2, 137
List the prime factors of 16543.
71, 233
What are the prime factors of 102784?
2, 11, 73
What are the prime factors of 105616?
2, 7, 23, 41
List the prime factors of 7727.
7727
List the prime factors of 64278.
2, 3, 3571
What are the prime factors of 58853?
229, 257
What are the prime factors of 2951?
13, 227
List the prime factors of 21003.
3, 7001
What are the prime factors of 211?
211
List the prime factors of 42361.
11, 3851
What are the prime factors of 111369?
3, 37123
What are the prime factors of 38503?
139, 277
List the prime factors of 624.
2, 3, 13
What are the prime factors of 8162?
2, 7, 11, 53
What are the prime factors of 29535?
3, 5, 11, 179
List the prime factors of 4202.
2, 11, 191
List the prime factors of 113646.
2, 3, 13, 31, 47
What are the prime factors of 1636?
2, 409
What are the prime factors of 68120?
2, 5, 13, 131
What are the prime factors of 64078?
2, 7, 23, 199
What are the prime factors of 28241?
31, 911
List the prime factors of 47393.
83, 571
What are the prime factors of 29099?
7, 4157
What are the prime factors of 15951?
3, 13, 409
What are the prime factors of 15186?
2, 3, 2531
List the prime factors of 218.
2, 109
What are the prime factors of 166?
2, 83
What are the prime factors of 149957?
17, 8821
What are the prime factors of 13274?
2, 6637
What are the prime factors of 1758?
2, 3, 293
What are the prime factors of 8340?
2, 3, 5, 139
What are the prime factors of 846?
2, 3, 47
What 